factors of v.
7
Suppose 10*w - 2657 = 1613. List the prime factors of w.
7, 61
Let h = 11 - 9. Suppose -4 = -5*i - 2*n, -4*i + 5*n = h*n - 17. Suppose 4*b = -5*c + 40, -c + b + 41 = i*c. List the prime factors of c.
2, 3
Suppose 2*z + 2*v = 6, 3*z + 2 = 3*v + 5. Let h(m) = 4*m - 7*m**z + 4*m**2 + 6 + 4*m**2. What are the prime factors of h(-5)?
11
Suppose 0 = -v + 4*u - 30, 0*v + u = v + 18. Let j be 7/(v/24)*2. Let k = 2 - j. List the prime factors of k.
2, 13
Let c(h) = -24*h - 108. List the prime factors of c(-35).
2, 3, 61
Let k(d) = -2*d**3 + 14*d**2 - d + 5. Let w be k(7). List the prime factors of (14/21)/(w/(-291)).
97
Suppose m - 2*x = -3*x + 6, 5*x - 28 = -4*m. Let o = 14 - m. List the prime factors of o.
2, 3
Let a be 10/3 + 4/6. Suppose 1 = a*s - 15. What are the prime factors of ((-2)/(-2))/(s/52)?
13
Suppose 1457 + 733 = -10*o. Let m = -129 - o. What are the prime factors of m?
2, 3, 5
Let p = -8 + 4. Let b be ((-8)/p - 0)*-2. List the prime factors of (7/b)/((-2)/24).
3, 7
Suppose i + 7078 = 3*a, 186*a - 181*a - 11794 = i. What are the prime factors of a?
2, 3, 131
Let z(k) be the second derivative of 2/3*k**3 + 0 - k**2 + 1/12*k**4 + 4*k. What are the prime factors of z(-7)?
19
Let a be -2 + 0/1 - -4. List the prime factors of 59*a*5/10.
59
Let r = -1840 - -3007. List the prime factors of r.
3, 389
Suppose -15 = -p + 15. Suppose -15 - 1 = 2*n. Let c = p + n. What are the prime factors of c?
2, 11
Let w(f) = 5*f**2 + 4*f - 16. What are the prime factors of w(-8)?
2, 17
Suppose -11*s = -12*s + 1. List the prime factors of 2*s + (-3 - -42).
41
Let v(z) = 2*z**3 + 2*z**2 - 8*z - 10. Let h be v(-6). What are the prime factors of h/(-8) - (-24)/32?
41
Suppose 0 = 4*b - n - 2709, 2*n = -40*b + 39*b + 684. List the prime factors of b.
2, 3, 113
Let v(x) = x + 4. Let o = -46 - -33. Let n = -10 - o. List the prime factors of v(n).
7
Let x = 10 + -3. Suppose 9*j - x*j = 2. What are the prime factors of (62/(-6))/(j/(-3))?
31
Let f = -86 - -311. Suppose p + k = -p + 109, 4*p = 5*k + f. List the prime factors of p.
5, 11
Suppose 134 = p + 4*l - 86, -3*l = 3*p - 696. List the prime factors of p.
2, 59
Let j(g) = g + 4. Let r be j(8). Suppose -r*d + d + 737 = 0. List the prime factors of d.
67
Suppose -5*s - 5*b = -3735, 2*s - 2*b - 447 = 1063. What are the prime factors of s?
751
Let c = -177 - -227. What are the prime factors of c?
2, 5
Let z be (-112)/(-52) + (6/13)/(-3). Suppose -4*o + 216 = z*y, o + 2*y - 3*y - 60 = 0. List the prime factors of o.
2, 7
List the prime factors of (3579/12)/((-16)/(-64)).
1193
Suppose -3*z = -865 - 1562. List the prime factors of z.
809
Suppose -5*d + 15*d + 4430 = 0. Let l = -247 - d. What are the prime factors of l?
2, 7
Suppose -2*t - c = 25, -3*c + 59 = -2*t + 14. Let k be -4 - 5/(t/27). Suppose 2*z - 3*o = 57, -k*z + 5*o + 125 = o. What are the prime factors of z?
3, 7
Let t = 6758 - 3997. List the prime factors of t.
11, 251
What are the prime factors of (-12)/(-9)*305514/88?
3, 1543
Suppose 0 = -7*z + 6*z + 2086. What are the prime factors of z?
2, 7, 149
Let n(f) = f**2 - 5*f - 8. Let v be n(8). Let p = 21 + v. What are the prime factors of p?
37
Let h(k) = -17*k + 58. Let m be h(7). Suppose -x + c - 23 = -2, 6 = -2*c. Let f = x - m. List the prime factors of f.
37
Let j = -13 + 25. Suppose -j = -2*t - 2*t. Suppose 3*m = t*y - 201, -2*y + 0*y + 132 = -4*m. What are the prime factors of y?
2, 17
Suppose o - z = 0, 2*z + 2*z = 3*o + 3. Suppose -2*k - t = -36, 0*k + o*k - 36 = 3*t. Let u = k - 12. List the prime factors of u.
2
Let x(k) = -3*k**3 - 9*k**2. Let o be x(-6). Suppose 0 = -0*l + 3*l - o. List the prime factors of l.
2, 3
Let z(t) = -t**2 - t - 7. Let v be z(-7). Let y = v - -89. Suppose -4*a - a + 5*l = -140, -2*l = a - y. List the prime factors of a.
2
Suppose -2*a + 1452 = -3*y, 617 - 2081 = -2*a - 3*y. What are the prime factors of a?
3
Let x = 24 + -21. List the prime factors of (-298)/(-6) - 2/x.
7
Let b be 3/(-1) + (-99)/9. Let k = b + 8. List the prime factors of 123/9 + 4/k.
13
Suppose 10*o = -48*o + 39904. What are the prime factors of o?
2, 43
Let p(t) = 3*t - 7. Let c(a) = 21*a - 48. Let v(y) = 2*c(y) - 15*p(y). Let j be v(-16). Suppose 4*m = -j + 325. What are the prime factors of m?
67
Let u be (-5586)/9 - 6/(-9). List the prime factors of (-10)/45 + u/(-36).
17
Suppose 2*f - 23 = -2*u - 9, -f + 12 = 2*u. Suppose 5*w - 2*x - 19 = -f, 3*x = -3*w + 6. Let b = w + -1. What are the prime factors of b?
2
Suppose -3*l + 3 = -39. Let x = l - -47. Suppose -3 = 2*j - x. List the prime factors of j.
29
What are the prime factors of 0 - (0 + -1) - (-698 + 54)?
3, 5, 43
Let x(q) = 11*q**2 - 5*q - 13. List the prime factors of x(5).
3, 79
Let x(d) = -78*d + 10. Let l(y) = -4*y + 2. Let p be l(1). List the prime factors of x(p).
2, 83
Let m = -42 - -47. Suppose m = -3*g + 68. List the prime factors of g.
3, 7
Suppose -16 = 3*u - 7*u. Suppose 2*b = 3*h + 4*b - 391, 544 = u*h - 3*b. List the prime factors of h.
7, 19
Let d(v) = 54*v**2 + 5. List the prime factors of d(-2).
13, 17
Let a(c) = c + 7. Let q be a(-5). What are the prime factors of ((-33)/(-2) - q)*2?
29
Let j(o) = -5*o - 39. Let l be j(0). Let h = l - -131. List the prime factors of h.
2, 23
Suppose 7*g - 9 = 2*g - z, 0 = -5*g + 5*z + 15. Suppose -4*m + 4 = p, -g*m - 5*p + 10*p - 20 = 0. Suppose m = f - 54 + 13. What are the prime factors of f?
41
Let o = 1856 + -460. List the prime factors of o.
2, 349
Let m = 93 + -91. Suppose -4*f = -3*h - 5, h + 15 = m*f + 2*h. What are the prime factors of f?
5
Let d = -16 - -17. Let z be (-33 - (-2 - d))*-1. Suppose -4*m + z = 10. What are the prime factors of m?
5
Suppose -19*l = -37*l + 29844. List the prime factors of l.
2, 829
Let t(y) = y**2 + 9*y + 178. List the prime factors of t(-31).
2, 5, 43
Suppose 3 = -2*v - 3, d + 3*v = 608. List the prime factors of d.
617
Suppose -9*t + 12*t = 6. Suppose 0 = t*y - 4*y + 78. List the prime factors of y.
3, 13
Let f(u) = 248*u**2 + 16*u - 27. List the prime factors of f(2).
997
Suppose 3*j - 3*m = 6, 8*j - m - 10 = 3*j. Let b(z) = j*z**2 - 2*z**2 - 3*z**2 - 3*z**2 - 12*z + 7 + z**3. List the prime factors of b(8).
3, 13
Let y = -21 - -165. What are the prime factors of y?
2, 3
Suppose 0 = 47*b - 10*b - 7363. What are the prime factors of b?
199
Suppose 2*l = 1429 - 477. Let d = -708 + l. List the prime factors of (-16)/28 - d/14.
2
Let g = -34 - -37. Suppose -5 = -4*m - t, g*m + 2*t = -3*t - 9. Let d = m - -29. What are the prime factors of d?
31
Suppose -2*q = -5*q + 4*c + 1191, -q + 397 = 5*c. Let i = -251 + q. What are the prime factors of i?
2, 73
Let r(m) = m**3 + 32*m**2 + 38*m + 11. List the prime factors of r(-27).
2, 5, 263
Suppose -325 = -6*o + o. Suppose x + 3*x + o = 3*t, -3*x - 75 = -4*t. List the prime factors of (-9)/t - (-146)/10.
2, 7
Let g(r) = r**3 - 11*r**2 + 34*r + 56. List the prime factors of g(13).
2, 11, 19
Let j = 23 + -16. Let w(m) = -2 + 2 + m**3 - m + 11 - 7*m**2 - 2. List the prime factors of w(j).
2
Suppose -6*m = -15*m + 7677. List the prime factors of m.
853
Let k(h) = -2*h**2 - 15*h - 5. Let u(b) = -b - 12. Let y be u(-5). List the prime factors of k(y).
2
Suppose 0 = n + 4*d + 11 + 13, -2*n + 5*d - 35 = 0. Let c be (-1602)/(-15)*n/(-6). List the prime factors of 2/(-8) + c/16.
2, 11
Let v = 3419 - 2353. What are the prime factors of v?
2, 13, 41
Let p(m) = m**2 - 8*m + 3. Let d be p(8). Suppose -d*r + 5*f = -8*r + 715, 3*r - f - 425 = 0. List the prime factors of r.
2, 71
Let k(n) = 44*n - 192. What are the prime factors of k(7)?
2, 29
List the prime factors of ((-167)/4)/(85/(-340)).
167
Suppose -4*t + 586 = p + 2*p, 3*t = -3*p + 585. List the prime factors of p.
2, 97
Suppose 17*w - 3*z = 19*w - 316, 4*z - 797 = -5*w. List the prime factors of w.
7, 23
Suppose g = -6*g - 770. What are the prime factors of (-2754)/(-22) + 20/g?
5
Let y(n) = -2*n**3 - 10*n**2 - 12*n - 7. List the prime factors of y(-8).
11, 43
Suppose 4*t - 95 = -5*n + 616, -2*t - n + 351 = 0. What are the prime factors of t?
2, 3, 29
List the prime factors of ((-13)/((-65)/(-24)))/((-2)/565).
2, 3, 113
Suppose -3*v - 144 = 4*z - 470, 5*z = -2*v + 229. Suppose -64*l - 94 = -62*l. Let n = v + l. What are the prime factors of n?
5, 11
Let i(u